{"id":7078,"date":"2025-02-05T08:21:25","date_gmt":"2025-02-05T08:21:25","guid":{"rendered":"https:\/\/acu.am\/?page_id=7078"},"modified":"2025-03-26T12:13:53","modified_gmt":"2025-03-26T12:13:53","slug":"%d5%a5%d5%ac%d5%a1%d5%b6%d5%a3%d5%a5%d5%a6%d5%b5%d5%a1%d5%b6-%d5%ad%d5%b8%d6%82%d5%a1%d5%b6-%d5%b0%d5%b8%d5%be%d5%bd%d5%a5%d6%83%d5%ab","status":"publish","type":"page","link":"https:\/\/acu.am\/?page_id=7078&lang=en","title":{"rendered":"YELANGUEZIAN JUAN"},"content":{"rendered":"\n\t<section class=\"section has-parallax\" id=\"section_889507966\">\n\t\t<div class=\"section-bg fill\" data-parallax-container=\".section\" data-parallax-background data-parallax=\"-3\">\n\t\t\t<img loading=\"lazy\" decoding=\"async\" width=\"1518\" height=\"853\" src=\"https:\/\/acu.am\/wp-content\/uploads\/2023\/07\/BG.jpg\" class=\"bg attachment- size-\" alt=\"\" \/>\t\t\t\t\t\t<div class=\"section-bg-overlay absolute fill\"><\/div>\n\t\t\t\n\n\t\t<\/div>\n\n\t\t\n\n\t\t<div class=\"section-content relative\">\n\t\t\t\n<div class=\"row\" style=\"max-width:1200px\" id=\"row-290262055\">\n\n\t<div id=\"col-505780763\" class=\"col medium-5 small-12 large-5\"  >\n\t\t\t\t<div class=\"col-inner\"  >\n\t\t\t\n\t\t\t\n\t<div id=\"gap-172165145\" class=\"gap-element clearfix\" style=\"display:block; height:auto;\">\n\t\t\n<style>\n#gap-172165145 {\n  padding-top: 0px;\n}\n@media (min-width:850px) {\n  #gap-172165145 {\n    padding-top: 30px;\n  }\n}\n<\/style>\n\t<\/div>\n\t\n\t\t<\/div>\n\t\t\t\t\t<\/div>\n\n\t\n\n\t<div id=\"col-613459494\" class=\"col medium-12 small-12 large-7\"  >\n\t\t\t\t<div class=\"col-inner text-shadow-4\"  >\n\t\t\t\n\t\t\t\n\t<div id=\"gap-27608274\" class=\"gap-element clearfix\" style=\"display:block; height:auto;\">\n\t\t\n<style>\n#gap-27608274 {\n  padding-top: 30px;\n}\n<\/style>\n\t<\/div>\n\t\n\t<div id=\"text-3340888828\" class=\"text\">\n\t\t\n<h1 class=\"uppercase\"><strong>YELANGUEZIAN<\/strong><\/h1>\n<p><strong>JUAN<\/strong><\/p>\n\t\t\n<style>\n#text-3340888828 {\n  font-size: 2.5rem;\n}\n@media (min-width:550px) {\n  #text-3340888828 {\n    font-size: 3rem;\n  }\n}\n<\/style>\n\t<\/div>\n\t\n\t\t<\/div>\n\t\t\t\t\n<style>\n#col-613459494 > .col-inner {\n  padding: 0px 0px 0px 0;\n}\n@media (min-width:550px) {\n  #col-613459494 > .col-inner {\n    padding: 0px 0px 0px 30px;\n  }\n}\n<\/style>\n\t<\/div>\n\n\t\n<\/div>\n\t\t<\/div>\n\n\t\t\n<style>\n#section_889507966 {\n  padding-top: 30px;\n  padding-bottom: 30px;\n  min-height: 300px;\n}\n#section_889507966 .section-bg-overlay {\n  background-color: rgba(87, 66, 35, 0.174);\n}\n#section_889507966 .section-bg img {\n  object-position: 67% 42%;\n}\n@media (min-width:550px) {\n  #section_889507966 {\n    min-height: 450px;\n  }\n}\n@media (min-width:850px) {\n  #section_889507966 {\n    min-height: 400px;\n  }\n}\n<\/style>\n\t<\/section>\n\t\n<div class=\"row\" style=\"max-width:1200px\" id=\"row-1150298200\">\n\n\t<div id=\"col-1589026465\" class=\"col medium-12 small-12 large-5\"  >\n\t\t\t\t<div class=\"col-inner\"  >\n\t\t\t\n\t\t\t\n\n  <div class=\"banner has-hover bg-zoom-long\" id=\"banner-386269712\">\n          <div class=\"banner-inner fill\">\n        <div class=\"banner-bg fill\" >\n            <img loading=\"lazy\" decoding=\"async\" width=\"864\" height=\"864\" src=\"https:\/\/acu.am\/wp-content\/uploads\/2024\/07\/12.18.1950-\u053d\u0578\u0582\u0561\u0576-\u0535\u056c\u0561\u0576\u0563\u0565\u0566\u0575\u0561\u0576.jpg\" class=\"bg attachment-large size-large\" alt=\"\" \/>                                    \n                    <\/div>\n\t\t\n        <div class=\"banner-layers container\">\n            <div class=\"fill banner-link\"><\/div>            \n        <\/div>\n      <\/div>\n\n            \n<style>\n#banner-386269712 {\n  padding-top: 300px;\n  background-color: rgb(255, 255, 255);\n}\n#banner-386269712 .banner-bg img {\n  object-position: 62% 30%;\n}\n@media (min-width:550px) {\n  #banner-386269712 {\n    padding-top: 500px;\n  }\n}\n@media (min-width:850px) {\n  #banner-386269712 {\n    padding-top: 500px;\n  }\n}\n<\/style>\n  <\/div>\n\n\n\t<div id=\"gap-988661452\" class=\"gap-element clearfix\" style=\"display:block; height:auto;\">\n\t\t\n<style>\n#gap-988661452 {\n  padding-top: 0px;\n}\n@media (min-width:850px) {\n  #gap-988661452 {\n    padding-top: 100px;\n  }\n}\n<\/style>\n\t<\/div>\n\t\n\t\t<\/div>\n\t\t\t\t\n<style>\n#col-1589026465 > .col-inner {\n  margin: -100px 0px 0px 0px;\n}\n@media (min-width:550px) {\n  #col-1589026465 > .col-inner {\n    margin: -150px 0px 0px 0px;\n  }\n}\n@media (min-width:850px) {\n  #col-1589026465 > .col-inner {\n    margin: -400px 0px 0px 0px;\n  }\n}\n<\/style>\n\t<\/div>\n\n\t\n\n\t<div id=\"col-255516330\" class=\"col medium-11 small-12 large-7\"  >\n\t\t\t\t<div class=\"col-inner\"  >\n\t\t\t\n\t\t\t\n\t<div id=\"gap-503526045\" class=\"gap-element clearfix\" style=\"display:block; height:auto;\">\n\t\t\n<style>\n#gap-503526045 {\n  padding-top: 30px;\n}\n<\/style>\n\t<\/div>\n\t\n<p><strong>Composer<\/strong><\/p>\n<p><strong>Member of the Union of Composers of Armenia<\/strong><\/p>\n<p><strong>Born on 18<\/strong><strong>\/12\/<\/strong><strong>1950 of Buenos Aires, Argentina<\/strong><\/p>\n<div class=\"social-icons follow-icons\" ><a href=\"https:\/\/www.facebook.com\/profile.php?id=100007087395455\" target=\"_blank\" data-label=\"Facebook\" class=\"icon button circle is-outline tooltip facebook\" title=\"Follow on Facebook\" aria-label=\"Follow on Facebook\" rel=\"noopener nofollow\"><i class=\"icon-facebook\" aria-hidden=\"true\"><\/i><\/a><a href=\"mailto:jyelanguezian@gmail.com\" data-label=\"E-mail\" target=\"_blank\" class=\"icon button circle is-outline tooltip email\" title=\"Send us an email\" aria-label=\"Send us an email\" rel=\"nofollow noopener\"><i class=\"icon-envelop\" aria-hidden=\"true\"><\/i><\/a><\/div>\n\t\t<\/div>\n\t\t\t\t\n<style>\n#col-255516330 > .col-inner {\n  padding: 0px 0px 0px 0;\n}\n@media (min-width:550px) {\n  #col-255516330 > .col-inner {\n    padding: 0px 0px 0px 30px;\n  }\n}\n<\/style>\n\t<\/div>\n\n\t\n<\/div>\n\n\t<section class=\"section\" id=\"section_51172054\">\n\t\t<div class=\"section-bg fill\" >\n\t\t\t\t\t\t\t\t\t\n\t\t\t\n\n\t\t<\/div>\n\n\t\t\n\n\t\t<div class=\"section-content relative\">\n\t\t\t\n<div class=\"container section-title-container\" ><h1 class=\"section-title section-title-center\"><b aria-hidden=\"true\"><\/b><span class=\"section-title-main\" >biography<\/span><b aria-hidden=\"true\"><\/b><\/h1><\/div>\n<div class=\"row\" style=\"max-width:1200px\" id=\"row-2008979580\">\n\n\t<div id=\"col-1848104189\" class=\"col small-12 large-12\"  >\n\t\t\t\t<div class=\"col-inner\"  >\n\t\t\t\n\t\t\t\n<div class=\"accordion\">\n\t<div id=\"accordion-1396871204\" class=\"accordion-item\">\n\t\t<a id=\"accordion-1396871204-label\" class=\"accordion-title plain\" href=\"#accordion-item-education\" aria-expanded=\"false\" aria-controls=\"accordion-1396871204-content\">\n\t\t\t<button class=\"toggle\" aria-label=\"Toggle\"><i class=\"icon-angle-down\" aria-hidden=\"true\"><\/i><\/button>\n\t\t\t<span>EDUCATION<\/span>\n\t\t<\/a>\n\t\t<div id=\"accordion-1396871204-content\" class=\"accordion-inner\" aria-labelledby=\"accordion-1396871204-label\">\n\t\t\t\n<p>1972-1973 &#8211; Studied journalism at the Catholic Institute of Social Studies in Buenos Aires<\/p>\n<p>1974-1975 &#8211; Studied at the Philology Department of Yerevan State University (profs: Ruben Galstyan, Sofia Baghumyan, Ashkhen Gasparyan)<\/p>\n<p>1982 &#8211; Graduated from the Catholic University of Argentina (history of music and literature)<\/p>\n<p>1984 &#8211; graduated the musicology department of the Yerevan State Conservatory after Komitas (YSCK) (profs: M. Brutyan and N. Tahmizyan)<\/p>\n<p>2001 &#8211; graduated the composition department of the YSCK (prof: Edward Mirzoyan&#8217;s class)<\/p>\n<p>2004 &#8211; completed the YSCK postgraduate course (professor Ed. Mirzoyan)<\/p>\n\t\t<\/div>\n\t<\/div>\n\t\n\t<div id=\"accordion-1352937712\" class=\"accordion-item\">\n\t\t<a id=\"accordion-1352937712-label\" class=\"accordion-title plain\" href=\"#accordion-item-activities\" aria-expanded=\"false\" aria-controls=\"accordion-1352937712-content\">\n\t\t\t<button class=\"toggle\" aria-label=\"Toggle\"><i class=\"icon-angle-down\" aria-hidden=\"true\"><\/i><\/button>\n\t\t\t<span>ACTIVITIES<\/span>\n\t\t<\/a>\n\t\t<div id=\"accordion-1352937712-content\" class=\"accordion-inner\" aria-labelledby=\"accordion-1352937712-label\">\n\t\t\t\n<p>Currently is a professor at the Institute of Culture of the Catholic University of Argentina and the University of Buenos Aires. Conducts the course &#8220;Armenian Civilization and Its Influence on the West&#8221;.<\/p>\n<p>\u00a0<\/p>\n<p>Member of the Writers&#8217; Union of Armenia.<\/p>\n\t\t<\/div>\n\t<\/div>\n\t\n\t<div id=\"accordion-2907195500\" class=\"accordion-item\">\n\t\t<a id=\"accordion-2907195500-label\" class=\"accordion-title plain\" href=\"#accordion-item-list-of-works\" aria-expanded=\"false\" aria-controls=\"accordion-2907195500-content\">\n\t\t\t<button class=\"toggle\" aria-label=\"Toggle\"><i class=\"icon-angle-down\" aria-hidden=\"true\"><\/i><\/button>\n\t\t\t<span>LIST OF WORKS<\/span>\n\t\t<\/a>\n\t\t<div id=\"accordion-2907195500-content\" class=\"accordion-inner\" aria-labelledby=\"accordion-2907195500-label\">\n\t\t\t\n<p><span style=\"font-size: 14.4px;\">1974 &#8211; &#8220;Hetanos-Idolol\u00e1tris&#8221; for cello<\/span><\/p>\n<p>1977 &#8211; &#8220;Catharsis&#8221; for piano and actors<\/p>\n<p>1981 &#8211; &#8220;From the Ancestors&#8221; for flute, kamancha, piano and actors (poetic, artistic, musical performance)<\/p>\n<p>1981 &#8211; &#8220;Youthful Songs&#8221;<\/p>\n<p>1981 &#8211; &#8220;Songs of the Dying Lights&#8221;<\/p>\n<p>1983 &#8211; &#8220;Dialogues&#8221; trio<\/p>\n<p>1983 &#8211; &#8220;Matagh&#8221; (Sacrifice) for string quartet<\/p>\n<p>1983 &#8211; &#8220;Watercolors&#8221; for piano<\/p>\n<p>1984 &#8211; &#8220;Ancient Gods&#8221;, by Levon Shant, for soprano, flute and piano (music for the theater)<\/p>\n<p>1991 &#8211; &#8220;Arean Suite&#8221;, from the &#8220;Arean Collection&#8221;, for piano (dedicated to the memory of the victims of the Artsakh war)<\/p>\n<p>1993 &#8211; &#8220;Thrace&#8221; fugue for violin and cello<\/p>\n<p>1994 &#8211; &#8220;Ancient Gods&#8221;, after Levon Shant, for soprano, flute and piano (modern ballet in 3 parts)<\/p>\n<p>2001 &#8211; &#8220;Armenian Gods or Vahagn&#8217;s Room&#8221; symphonic poem<\/p>\n<p>2004 &#8211; &#8220;Message&#8221; for flute and string orchestra<\/p>\n<p>2015 &#8211; &#8220;My mother dictated the seasons in my dreams&#8221; for piano and soprano<\/p>\n<p>2015 &#8211; &#8220;Orphans of Armenia: Angels of Heaven&#8221; artistic, poetic and musical performance for violin and baritone<\/p>\n\t\t<\/div>\n\t<\/div>\n\t\n\t<div id=\"accordion-3918917896\" class=\"accordion-item\">\n\t\t<a id=\"accordion-3918917896-label\" class=\"accordion-title plain\" href=\"#accordion-item-published-works\" aria-expanded=\"false\" aria-controls=\"accordion-3918917896-content\">\n\t\t\t<button class=\"toggle\" aria-label=\"Toggle\"><i class=\"icon-angle-down\" aria-hidden=\"true\"><\/i><\/button>\n\t\t\t<span>PUBLISHED WORKS<\/span>\n\t\t<\/a>\n\t\t<div id=\"accordion-3918917896-content\" class=\"accordion-inner\" aria-labelledby=\"accordion-3918917896-label\">\n\t\t\t\n<p>Has published musicological studies in numerous academic journals around the world.<\/p>\n\t\t<\/div>\n\t<\/div>\n\t\n\t<div id=\"accordion-2445440769\" class=\"accordion-item\">\n\t\t<a id=\"accordion-2445440769-label\" class=\"accordion-title plain\" href=\"#accordion-item-titles\/awards\" aria-expanded=\"false\" aria-controls=\"accordion-2445440769-content\">\n\t\t\t<button class=\"toggle\" aria-label=\"Toggle\"><i class=\"icon-angle-down\" aria-hidden=\"true\"><\/i><\/button>\n\t\t\t<span>TITLES\/AWARDS<\/span>\n\t\t<\/a>\n\t\t<div id=\"accordion-2445440769-content\" class=\"accordion-inner\" aria-labelledby=\"accordion-2445440769-label\">\n\t\t\t\n<p>1993 &#8211; received the \u201cPremio Bienal de Composici\u00f3n de la Asociaci\u00f3n Amigos de la M\u00fasica\u201d composition award from the &#8220;Association of Friends of Music&#8221;<\/p>\n<p>2000 &#8211; Doctor of Musicology<\/p>\n<p>\u00a0<\/p>\n<p>His musical, literary and artistic works have won awards in Argentina and Armenia.<\/p>\n\t\t<\/div>\n\t<\/div>\n\t\n<\/div>\n\t\t<\/div>\n\t\t\t\t\t<\/div>\n\n\t\n<\/div>\n\t<div id=\"gap-1002141349\" class=\"gap-element clearfix\" style=\"display:block; height:auto;\">\n\t\t\n<style>\n#gap-1002141349 {\n  padding-top: 30px;\n}\n<\/style>\n\t<\/div>\n\t\n\t\t<\/div>\n\n\t\t\n<style>\n#section_51172054 {\n  padding-top: 80px;\n  padding-bottom: 80px;\n}\n<\/style>\n\t<\/section>\n\t\n\n\t<section class=\"section dark\" id=\"section_1742729290\">\n\t\t<div class=\"section-bg fill\" >\n\t\t\t\t\t\t\t\t\t\n\t\t\t\n\n\t\t<\/div>\n\n\t\t\n\n\t\t<div class=\"section-content relative\">\n\t\t\t\n<div class=\"row\"  id=\"row-137990680\">\n\n\t<div id=\"col-1823233228\" class=\"col small-12 large-12\"  >\n\t\t\t\t<div class=\"col-inner\"  >\n\t\t\t\n\t\t\t\n<h3 class=\"accordion_title\">PORTFOLIO<\/h3><div class=\"accordion\">\n\t<div id=\"accordion-4220424600\" class=\"accordion-item\">\n\t\t<a id=\"accordion-4220424600-label\" class=\"accordion-title plain\" href=\"#accordion-item-photo-gallery\" aria-expanded=\"false\" aria-controls=\"accordion-4220424600-content\">\n\t\t\t<button class=\"toggle\" aria-label=\"Toggle\"><i class=\"icon-angle-down\" aria-hidden=\"true\"><\/i><\/button>\n\t\t\t<span>PHOTO GALLERY<\/span>\n\t\t<\/a>\n\t\t<div id=\"accordion-4220424600-content\" class=\"accordion-inner\" aria-labelledby=\"accordion-4220424600-label\">\n\t\t\t\n<div class=\"row\"  id=\"row-1023037366\">\n\n\t<div id=\"col-1184984061\" class=\"col small-12 large-12\"  >\n\t\t\t\t<div class=\"col-inner\"  >\n\t\t\t\n\t\t\t\n<div class=\"row\"  id=\"row-1402846195\">\n\n\t<div id=\"col-1219707688\" class=\"col medium-3 small-6 large-3\"  >\n\t\t\t\t<div class=\"col-inner\"  >\n\t\t\t\n\t\t\t\n\t<div class=\"img has-hover x md-x lg-x y md-y lg-y\" id=\"image_549707562\">\n\t\t<a class=\"image-lightbox lightbox-gallery\" title=\"\" href=\"https:\/\/acu.am\/wp-content\/uploads\/2024\/11\/12.18.1950-\u053d\u0578\u0582\u0561\u0576-\u0535\u056c\u0561\u0576\u0563\u0565\u0566\u0575\u0561\u05762.jpg\">\t\t\t\t\t\t<div class=\"img-inner dark\" >\n\t\t\t<img loading=\"lazy\" decoding=\"async\" width=\"927\" height=\"960\" src=\"https:\/\/acu.am\/wp-content\/uploads\/2024\/11\/12.18.1950-\u053d\u0578\u0582\u0561\u0576-\u0535\u056c\u0561\u0576\u0563\u0565\u0566\u0575\u0561\u05762.jpg\" class=\"attachment-large size-large\" alt=\"\" srcset=\"https:\/\/acu.am\/wp-content\/uploads\/2024\/11\/12.18.1950-\u053d\u0578\u0582\u0561\u0576-\u0535\u056c\u0561\u0576\u0563\u0565\u0566\u0575\u0561\u05762.jpg 927w, https:\/\/acu.am\/wp-content\/uploads\/2024\/11\/12.18.1950-\u053d\u0578\u0582\u0561\u0576-\u0535\u056c\u0561\u0576\u0563\u0565\u0566\u0575\u0561\u05762-290x300.jpg 290w, https:\/\/acu.am\/wp-content\/uploads\/2024\/11\/12.18.1950-\u053d\u0578\u0582\u0561\u0576-\u0535\u056c\u0561\u0576\u0563\u0565\u0566\u0575\u0561\u05762-768x795.jpg 768w, https:\/\/acu.am\/wp-content\/uploads\/2024\/11\/12.18.1950-\u053d\u0578\u0582\u0561\u0576-\u0535\u056c\u0561\u0576\u0563\u0565\u0566\u0575\u0561\u05762-600x621.jpg 600w\" sizes=\"auto, (max-width: 927px) 100vw, 927px\" \/>\t\t\t\t\t\t\n\t\t\t\t\t<\/div>\n\t\t\t\t\t\t<\/a>\t\t\n<style>\n#image_549707562 {\n  width: 100%;\n}\n<\/style>\n\t<\/div>\n\t\n\t\t<\/div>\n\t\t\t\t\t<\/div>\n\n\t\n\n\t<div id=\"col-768809073\" class=\"col medium-3 small-6 large-3\"  >\n\t\t\t\t<div class=\"col-inner\"  >\n\t\t\t\n\t\t\t\n\t<div class=\"img has-hover x md-x lg-x y md-y lg-y\" id=\"image_1803306393\">\n\t\t<a class=\"image-lightbox lightbox-gallery\" title=\"\" href=\"https:\/\/acu.am\/wp-content\/uploads\/2024\/11\/12.18.1950-\u053d\u0578\u0582\u0561\u0576-\u0535\u056c\u0561\u0576\u0563\u0565\u0566\u0575\u0561\u05763-1024x759.jpg\">\t\t\t\t\t\t<div class=\"img-inner dark\" >\n\t\t\t<img loading=\"lazy\" decoding=\"async\" width=\"1020\" height=\"756\" src=\"https:\/\/acu.am\/wp-content\/uploads\/2024\/11\/12.18.1950-\u053d\u0578\u0582\u0561\u0576-\u0535\u056c\u0561\u0576\u0563\u0565\u0566\u0575\u0561\u05763-1024x759.jpg\" class=\"attachment-large size-large\" alt=\"\" srcset=\"https:\/\/acu.am\/wp-content\/uploads\/2024\/11\/12.18.1950-\u053d\u0578\u0582\u0561\u0576-\u0535\u056c\u0561\u0576\u0563\u0565\u0566\u0575\u0561\u05763-1024x759.jpg 1024w, https:\/\/acu.am\/wp-content\/uploads\/2024\/11\/12.18.1950-\u053d\u0578\u0582\u0561\u0576-\u0535\u056c\u0561\u0576\u0563\u0565\u0566\u0575\u0561\u05763-300x222.jpg 300w, https:\/\/acu.am\/wp-content\/uploads\/2024\/11\/12.18.1950-\u053d\u0578\u0582\u0561\u0576-\u0535\u056c\u0561\u0576\u0563\u0565\u0566\u0575\u0561\u05763-768x569.jpg 768w, https:\/\/acu.am\/wp-content\/uploads\/2024\/11\/12.18.1950-\u053d\u0578\u0582\u0561\u0576-\u0535\u056c\u0561\u0576\u0563\u0565\u0566\u0575\u0561\u05763-600x444.jpg 600w, https:\/\/acu.am\/wp-content\/uploads\/2024\/11\/12.18.1950-\u053d\u0578\u0582\u0561\u0576-\u0535\u056c\u0561\u0576\u0563\u0565\u0566\u0575\u0561\u05763.jpg 1080w\" sizes=\"auto, (max-width: 1020px) 100vw, 1020px\" \/>\t\t\t\t\t\t\n\t\t\t\t\t<\/div>\n\t\t\t\t\t\t<\/a>\t\t\n<style>\n#image_1803306393 {\n  width: 100%;\n}\n<\/style>\n\t<\/div>\n\t\n\t\t<\/div>\n\t\t\t\t\t<\/div>\n\n\t\n\n\t<div id=\"col-1700904303\" class=\"col medium-3 small-6 large-3\"  >\n\t\t\t\t<div class=\"col-inner\"  >\n\t\t\t\n\t\t\t\n\t<div class=\"img has-hover x md-x lg-x y md-y lg-y\" id=\"image_1035390993\">\n\t\t<a class=\"image-lightbox lightbox-gallery\" title=\"\" href=\"https:\/\/acu.am\/wp-content\/uploads\/2024\/11\/12.18.1950-\u053d\u0578\u0582\u0561\u0576-\u0535\u056c\u0561\u0576\u0563\u0565\u0566\u0575\u0561\u05764.jpg\">\t\t\t\t\t\t<div class=\"img-inner dark\" >\n\t\t\t<img loading=\"lazy\" decoding=\"async\" width=\"640\" height=\"480\" src=\"https:\/\/acu.am\/wp-content\/uploads\/2024\/11\/12.18.1950-\u053d\u0578\u0582\u0561\u0576-\u0535\u056c\u0561\u0576\u0563\u0565\u0566\u0575\u0561\u05764.jpg\" class=\"attachment-large size-large\" alt=\"\" srcset=\"https:\/\/acu.am\/wp-content\/uploads\/2024\/11\/12.18.1950-\u053d\u0578\u0582\u0561\u0576-\u0535\u056c\u0561\u0576\u0563\u0565\u0566\u0575\u0561\u05764.jpg 640w, https:\/\/acu.am\/wp-content\/uploads\/2024\/11\/12.18.1950-\u053d\u0578\u0582\u0561\u0576-\u0535\u056c\u0561\u0576\u0563\u0565\u0566\u0575\u0561\u05764-300x225.jpg 300w, https:\/\/acu.am\/wp-content\/uploads\/2024\/11\/12.18.1950-\u053d\u0578\u0582\u0561\u0576-\u0535\u056c\u0561\u0576\u0563\u0565\u0566\u0575\u0561\u05764-600x450.jpg 600w\" sizes=\"auto, (max-width: 640px) 100vw, 640px\" \/>\t\t\t\t\t\t\n\t\t\t\t\t<\/div>\n\t\t\t\t\t\t<\/a>\t\t\n<style>\n#image_1035390993 {\n  width: 100%;\n}\n<\/style>\n\t<\/div>\n\t\n\t\t<\/div>\n\t\t\t\t\t<\/div>\n\n\t\n\n\t<div id=\"col-1902146672\" class=\"col medium-3 small-6 large-3\"  >\n\t\t\t\t<div class=\"col-inner\"  >\n\t\t\t\n\t\t\t\n\t<div class=\"img has-hover x md-x lg-x y md-y lg-y\" id=\"image_1100434892\">\n\t\t<a class=\"image-lightbox lightbox-gallery\" title=\"\" href=\"https:\/\/acu.am\/wp-content\/uploads\/2024\/11\/12.18.1950-\u053d\u0578\u0582\u0561\u0576-\u0535\u056c\u0561\u0576\u0563\u0565\u0566\u0575\u0561\u05765-1024x676.jpg\">\t\t\t\t\t\t<div class=\"img-inner dark\" >\n\t\t\t<img loading=\"lazy\" decoding=\"async\" width=\"1020\" height=\"673\" src=\"https:\/\/acu.am\/wp-content\/uploads\/2024\/11\/12.18.1950-\u053d\u0578\u0582\u0561\u0576-\u0535\u056c\u0561\u0576\u0563\u0565\u0566\u0575\u0561\u05765-1024x676.jpg\" class=\"attachment-large size-large\" alt=\"\" srcset=\"https:\/\/acu.am\/wp-content\/uploads\/2024\/11\/12.18.1950-\u053d\u0578\u0582\u0561\u0576-\u0535\u056c\u0561\u0576\u0563\u0565\u0566\u0575\u0561\u05765-1024x676.jpg 1024w, https:\/\/acu.am\/wp-content\/uploads\/2024\/11\/12.18.1950-\u053d\u0578\u0582\u0561\u0576-\u0535\u056c\u0561\u0576\u0563\u0565\u0566\u0575\u0561\u05765-300x198.jpg 300w, https:\/\/acu.am\/wp-content\/uploads\/2024\/11\/12.18.1950-\u053d\u0578\u0582\u0561\u0576-\u0535\u056c\u0561\u0576\u0563\u0565\u0566\u0575\u0561\u05765-768x507.jpg 768w, https:\/\/acu.am\/wp-content\/uploads\/2024\/11\/12.18.1950-\u053d\u0578\u0582\u0561\u0576-\u0535\u056c\u0561\u0576\u0563\u0565\u0566\u0575\u0561\u05765-600x396.jpg 600w, https:\/\/acu.am\/wp-content\/uploads\/2024\/11\/12.18.1950-\u053d\u0578\u0582\u0561\u0576-\u0535\u056c\u0561\u0576\u0563\u0565\u0566\u0575\u0561\u05765.jpg 1177w\" sizes=\"auto, (max-width: 1020px) 100vw, 1020px\" \/>\t\t\t\t\t\t\n\t\t\t\t\t<\/div>\n\t\t\t\t\t\t<\/a>\t\t\n<style>\n#image_1100434892 {\n  width: 100%;\n}\n<\/style>\n\t<\/div>\n\t\n\t\t<\/div>\n\t\t\t\t\t<\/div>\n\n\t\n<\/div>\n\t\t<\/div>\n\t\t\t\t\t<\/div>\n\n\t\n<\/div>\n\t\t<\/div>\n\t<\/div>\n\t\n<\/div>\n\t\t<\/div>\n\t\t\t\t\t<\/div>\n\n\t\n<\/div>\n\t\t<\/div>\n\n\t\t\n<style>\n#section_1742729290 {\n  padding-top: 30px;\n  padding-bottom: 30px;\n  background-color: rgb(40, 40, 40);\n}\n<\/style>\n\t<\/section>\n\t\n\n\t<section class=\"section dark\" id=\"section_112696181\">\n\t\t<div class=\"section-bg fill\" >\n\t\t\t\t\t\t\t\t\t\n\t\t\t\n\n\t\t<\/div>\n\n\t\t\n\n\t\t<div class=\"section-content relative\">\n\t\t\t\n\t<div id=\"gap-1942824600\" class=\"gap-element clearfix\" style=\"display:block; height:auto;\">\n\t\t\n<style>\n#gap-1942824600 {\n  padding-top: 30px;\n}\n<\/style>\n\t<\/div>\n\t\n\t\t<\/div>\n\n\t\t\n<style>\n#section_112696181 {\n  padding-top: 30px;\n  padding-bottom: 30px;\n  background-color: rgb(39, 54, 71);\n}\n<\/style>\n\t<\/section>\n\t\n","protected":false},"excerpt":{"rendered":"","protected":false},"author":4,"featured_media":596,"parent":7290,"menu_order":0,"comment_status":"closed","ping_status":"closed","template":"page-blank.php","meta":{"h5ap_radio_sources":[],"footnotes":""},"class_list":["post-7078","page","type-page","status-publish","has-post-thumbnail","hentry"],"_links":{"self":[{"href":"https:\/\/acu.am\/index.php?rest_route=\/wp\/v2\/pages\/7078","targetHints":{"allow":["GET"]}}],"collection":[{"href":"https:\/\/acu.am\/index.php?rest_route=\/wp\/v2\/pages"}],"about":[{"href":"https:\/\/acu.am\/index.php?rest_route=\/wp\/v2\/types\/page"}],"author":[{"embeddable":true,"href":"https:\/\/acu.am\/index.php?rest_route=\/wp\/v2\/users\/4"}],"replies":[{"embeddable":true,"href":"https:\/\/acu.am\/index.php?rest_route=%2Fwp%2Fv2%2Fcomments&post=7078"}],"version-history":[{"count":10,"href":"https:\/\/acu.am\/index.php?rest_route=\/wp\/v2\/pages\/7078\/revisions"}],"predecessor-version":[{"id":11205,"href":"https:\/\/acu.am\/index.php?rest_route=\/wp\/v2\/pages\/7078\/revisions\/11205"}],"up":[{"embeddable":true,"href":"https:\/\/acu.am\/index.php?rest_route=\/wp\/v2\/pages\/7290"}],"wp:featuredmedia":[{"embeddable":true,"href":"https:\/\/acu.am\/index.php?rest_route=\/wp\/v2\/media\/596"}],"wp:attachment":[{"href":"https:\/\/acu.am\/index.php?rest_route=%2Fwp%2Fv2%2Fmedia&parent=7078"}],"curies":[{"name":"wp","href":"https:\/\/api.w.org\/{rel}","templated":true}]}}